{"id":39,"date":"2026-01-26T20:20:31","date_gmt":"2026-01-26T20:20:31","guid":{"rendered":"https:\/\/www.equifeedstyle.com\/vuexgcdq\/?post_type=product&#038;p=39"},"modified":"2026-01-26T20:20:31","modified_gmt":"2026-01-26T20:20:31","slug":"lovaglo-sisak","status":"publish","type":"product","link":"https:\/\/www.equifeedstyle.com\/vuexgcdq\/termek\/lovaglo-sisak\/","title":{"rendered":"Lovagl\u00f3 Sisak"},"content":{"rendered":"<h1 class=\"font-sangbleu headline-lg  tracking-1 leading-[1.2] mb-6 text-20 md:text-24 !font-cera\">H23 Classic lovas sisak<\/h1>\n<div class=\"flex flex-wrap gap-3 items-center text-16\">\n<h3 class=\"font-sangbleu headline-md  !font-cera text-15 md:!text-16\">Term\u00e9kle\u00edr\u00e1s<\/h3>\n<\/div>\n<div class=\"content-wrapper open\">\n<div class=\"content\">\n<div class=\"md:mb-2\">\n<p>The lightweight SWING H23 Classic with a good fit and efficient ventilation. The SWING H23 can be individually and continuously adjusted for different head sizes using the adjustment system. The three large air inlets at the front always ensure optimum air circulation around the head. The inner lining and soft chin strap are removable and washable.<\/p>\n<h3 class=\"font-sangbleu headline-xs  my-4 !font-cera\">K\u00fcl\u00f6nleges jellemz\u0151k:<\/h3>\n<ul class=\"list-disc pl-4\">\n<li>EN 1384:2023<\/li>\n<li>3 pontos \u00e1ll\u00edt\u00e1si rendszer<\/li>\n<li>\u00c1ll\u00edthat\u00f3 rendszer<\/li>\n<li>\u00c1llp\u00e1rna<\/li>\n<li>Integr\u00e1lt szell\u0151z\u0151ny\u00edl\u00e1sok, folyamatosan \u00e1ll\u00edthat\u00f3<\/li>\n<\/ul>\n<p class=\"my-4\">Term\u00e9ksz\u00e1m: AWXYF<\/p>\n<\/div>\n<\/div>\n<\/div>\n","protected":false},"excerpt":{"rendered":"<p>H23 Classic lovas sisak Term\u00e9kle\u00edr\u00e1s The lightweight SWING H23 Classic with a good fit and efficient ventilation. The SWING H23 can be individually and continuously adjusted for different head sizes using the adjustment system. The three large air inlets at the front always ensure optimum air circulation around the head. The inner lining and soft [&hellip;]<\/p>\n","protected":false},"featured_media":42,"comment_status":"open","ping_status":"closed","template":"","meta":{"pagelayer_contact_templates":[],"_pagelayer_content":""},"product_brand":[],"product_cat":[19],"product_tag":[],"class_list":{"0":"post-39","1":"product","2":"type-product","3":"status-publish","4":"has-post-thumbnail","6":"product_cat-kobakok","8":"first","9":"instock","10":"shipping-taxable","11":"purchasable","12":"product-type-simple"},"_links":{"self":[{"href":"https:\/\/www.equifeedstyle.com\/vuexgcdq\/wp-json\/wp\/v2\/product\/39","targetHints":{"allow":["GET"]}}],"collection":[{"href":"https:\/\/www.equifeedstyle.com\/vuexgcdq\/wp-json\/wp\/v2\/product"}],"about":[{"href":"https:\/\/www.equifeedstyle.com\/vuexgcdq\/wp-json\/wp\/v2\/types\/product"}],"replies":[{"embeddable":true,"href":"https:\/\/www.equifeedstyle.com\/vuexgcdq\/wp-json\/wp\/v2\/comments?post=39"}],"wp:featuredmedia":[{"embeddable":true,"href":"https:\/\/www.equifeedstyle.com\/vuexgcdq\/wp-json\/wp\/v2\/media\/42"}],"wp:attachment":[{"href":"https:\/\/www.equifeedstyle.com\/vuexgcdq\/wp-json\/wp\/v2\/media?parent=39"}],"wp:term":[{"taxonomy":"product_brand","embeddable":true,"href":"https:\/\/www.equifeedstyle.com\/vuexgcdq\/wp-json\/wp\/v2\/product_brand?post=39"},{"taxonomy":"product_cat","embeddable":true,"href":"https:\/\/www.equifeedstyle.com\/vuexgcdq\/wp-json\/wp\/v2\/product_cat?post=39"},{"taxonomy":"product_tag","embeddable":true,"href":"https:\/\/www.equifeedstyle.com\/vuexgcdq\/wp-json\/wp\/v2\/product_tag?post=39"}],"curies":[{"name":"wp","href":"https:\/\/api.w.org\/{rel}","templated":true}]}}